2*x + 28026. Calculate t(40).
-54
Let f(b) = -1344*b - 1967. Give f(-3).
2065
Let n(p) = -30083*p - 210589. Determine n(-7).
-8
Let r(y) = 47*y - 2148. Calculate r(70).
1142
Let d(r) = 1739*r - 53063. Calculate d(30).
-893
Let x(l) = -23*l**2 - 4117*l + 1934344. Determine x(214).
-2
Let g(o) = 3*o**3 - 237*o**2 + 17*o + 16881. What is g(78)?
-45
Let i(s) = 8*s**3 - 1064*s**2 - 8*s + 933. Calculate i(133).
-131
Let s(q) = -q**3 - 7*q**2 + 61*q + 22. Calculate s(-14).
540
Let p(r) = -103*r + 2704. Determine p(29).
-283
Let i(s) = 13*s**2 + 1004*s - 32838. Give i(-102).
6
Let c(g) = -3*g**2 - 3856*g - 167433. Determine c(-45).
12
Let x(r) = -6373*r - 478229. Determine x(-75).
-254
Let a(b) = -b**3 + 109*b**2 + 48*b + 6727. Determine a(110).
-93
Let s(a) = 1721*a**2 + 25812*a - 42. Give s(-15).
3
Let a(g) = g**2 + 122*g - 3517. Calculate a(23).
-182
Let v(k) = -910*k - 27006. What is v(-30)?
294
Let q(x) = -x**3 + 619*x**2 - 1078*x - 96249. What is q(617)?
3
Let o(h) = -4876*h + 24387. Calculate o(5).
7
Let r(f) = 2*f**2 - 523*f - 12891. What is r(284)?
-111
Let w(o) = 167*o + 33406. Calculate w(-200).
6
Let o(f) = -8327*f + 1873567. Calculate o(225).
-8
Let v(z) = 2*z**2 - 3152*z + 25056. Give v(8).
-32
Let b(j) = -3*j**2 - 526*j + 2944. Determine b(-181).
-133
Let p(w) = -774*w**2 - 135*w - 135. Determine p(-1).
-774
Let d(z) = -5*z**3 + 325*z**2 - 107. Determine d(65).
-107
Let b(m) = -574*m**2 + 82080*m + 31. What is b(143)?
-255
Let h(i) = i**3 + 1759*i**2 + 22768*i + 922. Calculate h(-13).
12
Let o(y) = -44*y**2 + 1315*y + 128. Determine o(30).
-22
Let y(w) = 3726*w + 31177. Determine y(-8).
1369
Let z(o) = 2*o**3 + o**2 + 6064*o - 12127. Give z(2).
21
Let n(s) = -s**2 + 198*s + 5878. What is n(-26)?
54
Let b(q) = -173*q**2 - 1827*q - 2438. Calculate b(-9).
-8
Let a(o) = -15*o**3 + 8*o**2 - 28*o - 95. Determine a(-5).
2120
Let p(z) = -2583*z - 28463. Determine p(-11).
-50
Let v(f) = -5*f**3 - 81*f**2 + 55498*f + 888217. Give v(-16).
-7
Let g(i) = -3*i**3 + 20*i**2 + 2057*i - 14361. Calculate g(7).
-11
Let f(i) = -i**3 + 103*i**2 + 6306*i - 4072. What is f(146)?
16
Let p(r) = 267215*r - 52. What is p(0)?
-52
Let i(c) = c**3 + 85*c**2 - 495*c - 42072. Give i(-85).
3
Let o(m) = 7196*m - 287843. Calculate o(40).
-3
Let r(d) = 1430*d - 17647. Give r(13).
943
Let y(n) = n**3 + 768*n**2 - 831*n - 47670. Give y(-769).
8
Let i(z) = -z**3 - 10*z**2 + 1200*z - 525. Give i(-40).
-525
Let m(i) = 10*i**3 - 12*i**2 + 19*i + 22. What is m(3)?
241
Let a(r) = -5*r**2 - 176*r - 2833. Calculate a(-24).
-1489
Let q(g) = 332*g**2 - 87*g - 169. Calculate q(-2).
1333
Let d(k) = -250*k - 5385. What is d(-21)?
-135
Let g(n) = -4701*n - 42311. Calculate g(-9).
-2
Let s(l) = 15437*l + 15460. Give s(-1).
23
Let f(g) = 7297*g**2 - 72965*g - 65. Determine f(10).
-15
Let k(w) = -w**3 + 84*w**2 + 76*w - 6373. Give k(84).
11
Let v(n) = -n**3 - 77*n**2 - 971*n - 2296. Give v(-12).
-4
Let o(d) = d**3 + 35*d**2 + 34*d + 2314. Give o(-36).
-206
Let z(w) = 3*w**3 - 20*w**2 + 133*w - 742. Calculate z(9).
1022
Let b(t) = -7*t**2 + 16912*t + 84688. Determine b(-5).
-47
Let f(u) = u**3 - 311*u**2 + 728*u - 34129. Give f(309).
-139
Let w(t) = -19*t**2 - 3939*t - 1257. Calculate w(-207).
-15
Let a(j) = -3*j**2 - 71*j - 87. Calculate a(-11).
331
Let a(u) = 8*u**2 - 2389*u - 82839. What is a(330)?
-9
Let q(k) = 64*k - 2998. Give q(51).
266
Let l(n) = n**3 + 41*n**2 + 1152*n + 2146. Calculate l(-2).
-2
Let r(k) = -129865*k + 908949. What is r(7)?
-106
Let y(n) = 3*n**2 - 574*n + 13302. Give y(165).
267
Let v(a) = -581703*a + 6398731. Calculate v(11).
-2
Let y(f) = -24*f**3 - 170*f**2 - 57*f - 301. What is y(-7)?
0
Let s(r) = -528*r**2 + 7348*r + 563. Determine s(14).
-53
Let l(x) = -2*x**3 + 29*x**2 + 133*x - 221. Calculate l(18).
-95
Let u(b) = 174*b**2 + 13570*b - 326. Give u(-78).
-170
Let c(a) = 1011*a - 8235. Give c(9).
864
Let l(b) = -206*b**2 - 1425*b + 1425. Calculate l(1).
-206
Let d(f) = 2*f**2 - 315*f + 6582. Give d(24).
174
Let l(a) = 696*a + 238015. Give l(-342).
-17
Let x(n) = 325*n**2 + 22099*n - 41. Calculate x(-68).
27
Let w(g) = g**3 + 204*g**2 - 15838*g + 518. What is w(-264)?
-10
Let a(o) = 15*o**3 + 2*o**2 - 167*o - 663. Determine a(-4).
-923
Let p(k) = -8114*k + 25. Give p(0).
25
Let s(x) = 44*x**3 + 4758*x**2 + 671*x + 2481. Calculate s(-108).
-3
Let b(n) = -5132*n + 15268. Determine b(3).
-128
Let t(s) = -248744*s - 1740956. What is t(-7)?
252
Let o(f) = -137*f**3 + 39457*f**2 - 269*f - 5463. Give o(288).
9
Let y(o) = o**3 - 120*o**2 + 353*o + 1080. Give y(117).
1314
Let r(d) = d**2 + 296*d - 3652. Calculate r(-308).
44
Let r(z) = -222*z + 143. What is r(3)?
-523
Let a(u) = -2*u**2 + 152*u - 2430. What is a(52)?
66
Let m(i) = 2957*i - 180395. Determine m(61).
-18
Let l(h) = 821*h + 17327. Give l(-21).
86
Let p(t) = -t**3 + 122*t**2 - 3023*t - 774. Determine p(35).
-4
Let f(h) = -4*h**3 - 171*h**2 + 1139*h + 156. Determine f(6).
-30
Let f(b) = b**3 - 37*b**2 + 200*b - 435. Calculate f(31).
-1
Let x(t) = -t**3 + 140*t**2 + 435*t - 570. Calculate x(143).
288
Let n(d) = -34639*d - 277100. What is n(-8)?
12
Let w(j) = -j**3 - 600*j**2 + 1879*j + 406483. What is w(-602)?
133
Let m(d) = -174*d + 1994. Give m(12).
-94
Let l(n) = -3*n**3 + 175*n**2 - 76*n + 536. Give l(58).
-508
Let j(m) = -2*m**3 - 31*m**2 + 226*m - 248. What is j(-21)?
-143
Let w(g) = g**3 - 37*g**2 - 589*g + 240. Calculate w(49).
191
Let z(o) = 118039*o - 4485482. Give z(38).
0
Let o(z) = 28*z**2 + 16048*z + 2299. What is o(-573)?
7
Let f(g) = -408*g - 13697. Calculate f(-32).
-641
Let r(d) = -10589*d + 31813. Determine r(3).
46
Let a(j) = -j**3 + 14*j**2 - 15*j + 4. Calculate a(15).
-446
Let x(j) = 3*j**2 + 30*j - 60. Determine x(-12).
12
Let h(s) = -44*s + 1937. What is h(40)?
177
Let y(t) = 20*t**2 - 478*t - 3284. Give y(30).
376
Let p(g) = g**3 + 1350*g**2 - 89020*g - 1412. Determine p(-1413).
1
Let s(k) = -757*k + 159739. What is s(211)?
12
Let z(j) = -1845*j - 177200. Calculate z(-96).
-80
Let n(z) = -10410*z - 176953. Determine n(-17).
17
Let w(y) = -y**2 + 914*y + 27311. Give w(-29).
-36
Let k(i) = -i**3 + 47*i**2 + 12*i + 248. What is k(47)?
812
Let j(q) = 3*q**2 + 7194*q + 57355. Determine j(-8).
-5
Let x(y) = -2*y**3 - 684*y**2 + 34*y + 11633. Give x(-342).
5
Let b(y) = -y**3 + 140*y**2 + y + 460. What is b(140)?
600
Let h(v) = -886*v + 10981. What is h(13)?
-537
Let j(f) = 2543*f - 13102. What is j(5)?
-387
Let g(a) = -4*a**2 - 1943*a + 19865. Give g(10).
35
Let f(o) = -o**3 - 14*o**2 + 1577*o + 53. Calculate f(31).
5695
Let x(b) = -26*b**3 - 3*b**2 - 15361*b + 15363. Calculate x(1).
-27
Let u(j) = 2883*j - 383402. Determine u(133).
37
Let n(p) = 455*p - 3840. Calculate n(1).
-3385
Let g(s) = -3*s**2 + 757*s + 18049. Calculate g(-22).
-57
Let h(g) = -1406*g + 57586. Give h(41).
-60
Let f(n) = 2*n**3 - 42*n**2 - 101*n + 1302. What is f(5)?
-3
Let j(o) = 6*o**2 - 811*o - 1999. Give j(140).
2061
Let l(v) = -v**3 + 123*v**2 + 643*v - 277. Calculate l(128).
107
Let c(b) = 2110*b + 28951. Give c(-14).
-589
Let i(w) = 5*w**2 + 117*w + 1294. Determine i(-16).
702
Let a(w) = 7*w**2 + 698*w - 12039. What is a(15)?
6
Let o(q) = q**3 - 109*q**2 - 3191*q - 118. Determine o(133).
15
Let m(x) = x**2 + 576*x - 11936. Give m(19).
-631
Let k(r) = -1397*r + 261245. Calculate k(187).
6
Let f(q) = -1088*q + 602756. What is f(554)?
4
Let z(x) = 53105*x + 1062076. Calculate z(-20).
-24
Let j(w) = -6*w**2 + 752*w - 301. Give j(126).
-805
Let f(q) = -79*q - 216. Give f(9).
-927
Let r(k) = 3*k**2 - 38*k - 2823. What is r(41)?
662
Let x(z) = -109481*z - 55. What is x(0)?
-55
Let p(d) = 2*d**3 - 12*d**2 + 5657*d - 28228. What is p(5)?
7
Let c(a) = -263566*a + 4744200. Determine c(18).
12
Let t(z) = 79799*z + 7181904. Calculate t(-90).
-6
Let u(f) = f**3 - 229*f**2 - 217*f - 2924. What is u(230)?
66
Let r(i) = -i**2 + 2018*i + 51068. Determine r(-25).
-7
Let x(d) = -6404*d - 166818. What is x(-26)?
-314
Let o(d) = -22*d**2 + 1238*d - 472. Calculate o(56).
-136
Let h(m) = 41*m - 5432. Give h(117).
-635
Let w(b) = -133434*b - 15611780. What is w(-117)?
-2
Let y(i) = i**2 + 327*i + 15882. Calculate y(-60).
-138
Let c(l) = 2*l**2 - 112*l - 6078. Calculate c(91).
292
Let w(f) = 9138*f - 28774. Calculate w(3).
-1360
Let i